 (0/1)/(-1 - -2). Suppose -4*a + 1772 = -2*o, 3*o + o - 16 = v. Is a prime?
False
Suppose -1792314 = 31*l - 85*l. Is l a prime number?
True
Let r(j) = -226*j**3 + 7*j**2 + 30*j + 2. Is r(-4) a prime number?
False
Let r(b) = -5*b - 21. Let q be r(-7). Suppose -17641 = n - q*n. Is n a prime number?
False
Let p(a) = -20*a + 6 - 17 + 20*a**2 - 21*a**2. Let b(q) = q**3 - 7*q**2 - 2*q - 2. Let i be b(7). Is p(i) prime?
True
Suppose 4*k - 55356 = -2*k. Suppose -3*d = -5*d + k. Is d a prime number?
False
Let k = -17 - 65. Let l = k + 237. Is l prime?
False
Suppose 2*q + 1 = q. Let a(w) = 13*w**2. Is a(q) a composite number?
False
Let i(p) be the third derivative of 9*p**5 - p**4/24 - p**3/3 - 21*p**2. Is i(3) composite?
True
Let g = -6 - -9. Suppose -t + g*t + 860 = 0. Let w = t + 795. Is w prime?
False
Suppose 560 = -4*l + 14*l. Is l/(-20)*(-1515)/6 prime?
False
Let a(s) = -1497*s**3. Let v be (2/3)/(2/(-3)). Is a(v) composite?
True
Let d(n) be the first derivative of 5*n**3 - n**2/2 - 5*n - 1. Is d(-3) composite?
True
Suppose 3*v - 5922 = -3*j, 5*j = -2*v - v + 5932. Is v prime?
False
Suppose -5*i + 2518 = -4*k, -6*i + k = -3*i - 1508. Let d be i/(-5) - (-36)/(-60). Let c = d - -222. Is c a prime number?
False
Let v(r) = 52*r**3 + 2*r + 6. Let k(y) = 51*y**3 + 3*y + 7. Let n(o) = 5*k(o) - 6*v(o). Let p be (3 - 9/((-108)/(-32)))*-6. Is n(p) composite?
False
Let c = -1340 + 2295. Is c a prime number?
False
Let k(g) = -374*g - 23. Let q be k(-8). Suppose q = 12*f - 2347. Is f prime?
True
Let t be (-7*(-4)/16)/((-3)/72). Suppose -5*x - 244 = -s + 4*s, -3*x = 5*s + 380. Let h = t - s. Is h composite?
False
Suppose -3*i + 7*i + 2*l = 54, 3 = i - 3*l. Suppose -4*a + 239 = u + i, a = 3*u - 668. Is u composite?
False
Let j = 33 - 28. Suppose -6 = -j*r - 2*g, -3*r - 2*g + 12 = 2*g. Suppose r = b - 20 - 99. Is b composite?
True
Suppose 315 - 63 = 6*g. Let n = 241 - g. Is n composite?
False
Let n(u) = -25*u**3 - 2*u**2 - 1. Suppose -2 + 8 = -3*f. Is n(f) prime?
True
Let l be 1994 - 0 - 6/(-3). Suppose -72*m + 74*m - l = 0. Is m prime?
False
Is -4*((-2)/10)/((-10)/(-3425)) composite?
True
Suppose 5*l - 23 = -13. Suppose 4*z - 1013 = -w + 1149, l*w - z - 4351 = 0. Is w a composite number?
True
Let x = -4482 + 7935. Is x a prime number?
False
Suppose 0 = -6*r + 49119 + 107379. Is r prime?
True
Suppose 0 = h + 4*u - 18 - 3, -4*u = -4*h - 16. Let w(q) = 3*q**2 + 1. Let k be w(h). Suppose 181 - 705 = -k*j. Is j composite?
False
Suppose 4*o - 2 = 14. Suppose -5*u - 245 = -o*t, -3*t + 118 = -t - 4*u. Is t prime?
False
Let s be (-16)/12 + 37/3. Let q = s - 12. Is (q + 6)/(16/4432) prime?
False
Suppose 16*f - 24602 = -2*n + 19*f, 4*f - 49204 = -4*n. Is n composite?
False
Suppose -y - p = -30962 - 31000, 0 = 5*y - 5*p - 309800. Is y composite?
False
Suppose 132*u - 136*u + 508 = 0. Is u a composite number?
False
Suppose -36107 = 7*o - 125448. Is o a composite number?
False
Let r = 23803 + -14238. Let l = r - 1506. Is l prime?
True
Suppose 12*b - 4581 = 3*b. Is b composite?
False
Is ((-6)/4)/(75/(-111850)) a prime number?
True
Let h = 56346 + -28049. Is h composite?
False
Suppose 5 = 13*c - 12*c. Suppose -5*r = 5*p - 35, c*r - 4*p = -p + 59. Is r a composite number?
True
Is 10/(-6)*885558/(-370) prime?
True
Suppose 14*f = 117683 + 135227. Is f prime?
False
Let x(q) = -q**3 - 4*q**2 - 5*q - 2. Let t be x(-3). Suppose 0 = -t*h + 16, -l + 780 = 3*l + h. Is l a composite number?
True
Let p(g) = -6 - 54*g - 66*g - 19. Is p(-6) composite?
True
Suppose 2*b - 712 + 19137 = 3*c, -2*c - 5*b + 12296 = 0. Is c composite?
False
Suppose 6*a + 14 - 38 = 0. Let m(o) = 5*o**2 + 4*o - 5. Is m(a) a composite number?
True
Suppose 5*y - 5*q = 30, 2*q - 12 = 6*q. Suppose 2*d + 2*t = 42, y*d - 4*d = -2*t - 33. Suppose 61 = r + 5*z - d, -5*r + 535 = 4*z. Is r a prime number?
False
Let u(r) = -r**2 - 2*r + 21. Let f be u(-4). Suppose f*v = 3286 + 1615. Is v a prime number?
False
Let l(h) = 29*h - 8. Let u(n) = 29*n - 8. Let q(k) = -4*l(k) + 3*u(k). Suppose 0 = -2*a - 5*s + 6, 2*a = a + s - 11. Is q(a) a composite number?
False
Suppose -5*n = 5*v - 15, 8*v - 3*v + 4*n = 12. Suppose v = -4*k - 8, 5*x - 2*k = 154 - 35. Is x a prime number?
True
Is (9 + 162534/30)/((-10)/(-25)) composite?
False
Let k = 119 + -114. Suppose -3*f + 1482 = k*t, -9*f + 10*f - 3*t = 508. Is f composite?
False
Let i(t) = 17*t**2 - 56*t - 5. Is i(8) prime?
False
Is (2/(-10))/((-32)/(-160))*-55054 composite?
True
Let x = 27960 + -16763. Is x a composite number?
False
Suppose 0 = 5*o, -65897 = -2*z - 5*o - 7687. Is z a prime number?
False
Let h(j) = 414*j + 4. Let s(i) = 1242*i + 11. Let g(a) = -8*h(a) + 3*s(a). Is g(1) a composite number?
True
Let z(s) = -s**2 - 3*s + 4. Let n be z(-4). Suppose 0*m - 3*m + 177 = n. Is m a prime number?
True
Suppose 3*k + 2*y - 7762 = -1047, 4*k + 5*y = 8958. Let z = k - 3359. Is ((-2)/6)/(2/z) a composite number?
True
Let c(a) be the third derivative of -13*a**6/720 - a**5/40 + 5*a**4/24 - 4*a**2. Let v(j) be the second derivative of c(j). Is v(-10) composite?
False
Suppose -w + 2*n = -20833, -n - 62543 = -3*w - 6*n. Is w a composite number?
True
Let y be 2 - -1 - (2 - 1). Suppose q - y*u + 7*u = -1, -2*u = -4*q + 18. Suppose -2*z - 349 = -f - 4*z, z - q = 0. Is f composite?
True
Let x be -3 + 5 - (-935 + 8/4). Suppose 3*t = -2*t + x. Is t a composite number?
True
Let q = -30 + 32. Suppose -2*v = 5*h - 697, -h + 338 = v - q*h. Is v composite?
True
Let c = 23 - 23. Suppose 4*y + 12 = c, 0*p = -p + 3*y - 250. Let m = -162 - p. Is m composite?
False
Let s be 6/(-33) + 35/11. Let m be s*((-5)/3 + 3). Suppose c + 3*c - 1035 = -5*d, 183 = d - m*c. Is d a composite number?
True
Suppose 196090 = 9*k - 84503. Is k a composite number?
False
Suppose 2*y - 6*h - 11553 = -h, -3*y - h + 17338 = 0. Is y composite?
False
Let x = 596 + -415. Let v = -104 + x. Is v composite?
True
Let k be 1/(-1) + (-3)/3. Let p be 5/((-5)/k) - 2. Suppose 5*i = 3*r - 222, 0 = -r - p*i + i + 76. Is r a composite number?
False
Suppose -3*f + 1557 = -c - 3523, 4*f - 2*c - 6774 = 0. Is f a composite number?
False
Is 1/(-2) + -222*(-585)/36 a prime number?
True
Suppose 3*d - 575 = -0*u + u, -u + 961 = 5*d. Let t(k) = -5*k**2 + 4*k + 2. Let z be t(5). Let y = d + z. Is y a composite number?
False
Let w = 5 - -1. Suppose 9005 = -s + w*s. Is s a prime number?
True
Suppose -k + 0*k = 2. Let g be (k/5)/(3/(-30)). Is (-6)/g*(-74)/3 a prime number?
True
Suppose 0 = 3*d + 5*f - 562, 0 = d - 4*d + 5*f + 542. Suppose -d = -2*w + 42. Is w prime?
True
Let p be 1000*(60/(-16))/(-5). Suppose -4*a = -i + 283, 5*a - p - 150 = -3*i. Is i a prime number?
False
Is (-25374)/18*(-9)/3 a prime number?
True
Suppose 4*t - 5*d = 84 + 87, 5*t - 240 = d. Let u = t + 164. Is u a composite number?
True
Suppose 0 = -42*m + 13*m + 657343. Is m composite?
True
Let p(u) = -70*u + 4. Suppose 20 = -30*v + 25*v. Let q be p(v). Suppose 3*x = q + 718. Is x prime?
False
Let u(i) = -671*i + 24. Is u(-7) a prime number?
True
Let a(z) = 2*z**3 + z**2 + 5*z - 41. Is a(5) composite?
True
Suppose 63*s - 6702 = 57*s. Is s a composite number?
False
Let t(k) = -k**3 + k**2 + 3*k - 2. Let o be t(-4). Let v = 4 - 3. Is (o/2)/(v + 0) composite?
True
Suppose 171 - 40737 = -6*u. Is u prime?
True
Suppose 5*w + 3 = y - 1, 5*w = 4*y + 14. Let m(i) = -5*i + 8. Is m(y) a prime number?
False
Let l = 28 + -24. Suppose -5*d + 15 = -4*m, -l*m + 3*d - 17 = -8. Suppose 3*o - c = 575, m = 2*o - c - 4*c - 392. Is o a prime number?
True
Let z(v) = 4*v**2 - 6*v + 6899. Is z(0) composite?
False
Suppose f = 3*f - x - 17, 4*f - 31 = 3*x. Suppose 5*v - 4*h = 37, -5*v + f = 3*h + 2*h. Suppose 1585 = v*j - 0*j. Is j a prime number?
True
Suppose 89 = 3*o + 5*t - 206, 4*t = 5*o - 467. Let b(v) = 46*v - o + 94 - 2*v. Is b(3) a prime number?
True
Suppose -5*s + 89100 + 1585 = 0. Is s composite?
True
Suppose -11*p + 16*p - 30445 = 0. Is p composite?
False
Let r = 11 - 16. Let u(p) = p + 5. Let b be u(r). Is 183/((-3)/(-3) - b) composite?
True
Suppose 5*u = -2*v - 9, -1 + 5 = 3*v + 4*u. Let f(x) = -6*x - 12*x + v - 3. Is f(-8) a composite number?
False
Let w be (-36)/(-16) - 1/4. Let g be (-7690)/14 + w/7. Let a = -70 - g. Is a composite?
False
Let p(w) = w**2 + 8*w + 11719. Is p(0) prime?
True
Let z(o) = 